4556 (base 11) to base 10
-5990
What is 1000011000010011 (base 2) in base 12?
17a43
11121100 (base 3) to base 15
edc
What is 2cc (base 15) in base 6?
2550
What is -4013 (base 10) in base 11?
-3019
What is -3365 (base 10) in base 12?
-1b45
549 (base 16) to base 9
1763
What is -30320 (base 4) in base 12?
-588
What is 1002b (base 13) in base 9?
43205
Convert -77 (base 13) to base 3.
-10122
Convert -575 (base 11) to base 13.
-40b
298 (base 12) to base 11
338
-35c (base 14) to base 7
-1645
-6727 (base 8) to base 11
-2731
What is 3e85 (base 16) in base 4?
3322011
What is 982 (base 11) in base 8?
2233
What is -24043 (base 6) in base 9?
-4700
Convert -12100 (base 4) to base 16.
-190
Convert -727 (base 10) to base 14.
-39d
Convert 35a (base 12) to base 14.
27c
1452 (base 6) to base 9
475
-185 (base 9) to base 13
-c2
What is 13002 (base 4) in base 14?
242
Convert -1492 (base 15) to base 8.
-10474
What is -57435 (base 8) in base 4?
-11330131
What is -2931 (base 12) in base 16?
-12b5
Convert -60136 (base 7) to base 6.
-151014
Convert -4131 (base 5) to base 8.
-1035
Convert -1220 (base 5) to base 12.
-135
Convert -2d30 (base 14) to base 6.
-101222
What is -423312 (base 6) in base 7?
-202316
-a20 (base 12) to base 10
-1464
1ab1 (base 15) to base 12
3427
Convert 36231 (base 7) to base 13.
4368
What is 10222200 (base 3) in base 4?
231123
Convert -2004211 (base 5) to base 14.
-b83c
Convert 101011001010 (base 2) to base 9.
3708
What is -6a8 (base 14) in base 5?
-20244
What is 80324 (base 9) in base 12?
26641
Convert -80d (base 16) to base 15.
-926
Convert 31354 (base 8) to base 4.
3023230
Convert 12112210 (base 3) to base 4.
333030
-147d (base 14) to base 16
-e37
What is -37166 (base 11) in base 10?
-53433
16033 (base 7) to base 8
10603
What is -7345 (base 16) in base 2?
-111001101000101
-12021 (base 15) to base 4
-32000332
Convert 11002212 (base 3) to base 9.
4085
What is -2024 (base 6) in base 11?
-378
372 (base 13) to base 7
1515
Convert 36748 (base 11) to base 3.
2200102212
What is 19a (base 15) in base 3?
111201
Convert 15478 (base 11) to base 16.
5569
What is 1485 (base 11) in base 3?
2121200
-a2 (base 15) to base 9
-178
47932 (base 10) to base 12
238a4
What is -1328 (base 13) in base 6?
-20402
477 (base 13) to base 10
774
-30311 (base 4) to base 6
-3445
-78b9 (base 12) to base 15
-3e79
What is -9037 (base 11) in base 8?
-27363
Convert -4962 (base 11) to base 7.
-24616
Convert -4a6 (base 15) to base 12.
-740
Convert -272a (base 11) to base 6.
-24221
3451 (base 8) to base 5
24313
What is -54280 (base 10) in base 14?
-15ad2
Convert d9c2 (base 15) to base 16.
b402
10223 (base 4) to base 16
12b
Convert -a8 (base 11) to base 5.
-433
-23335 (base 6) to base 16
-d2b
What is -10211 (base 9) in base 11?
-5071
Convert 1142 (base 7) to base 16.
1a6
What is 1976 (base 11) in base 13?
11a7
What is 610 (base 9) in base 4?
13233
What is -627 (base 8) in base 5?
-3112
Convert 2b44 (base 12) to base 7.
20563
What is 10001001001000 (base 2) in base 4?
2021020
-4030 (base 5) to base 13
-308
What is 111101 (base 4) in base 11?
1028
What is b9 (base 12) in base 4?
2031
What is -110010101000 (base 2) in base 14?
-1276
Convert -111000101 (base 2) to base 14.
-245
What is dd9 (base 15) in base 10?
3129
-12a19 (base 14) to base 16
-b33f
Convert -222212212 (base 3) to base 9.
-28785
Convert 10111 (base 3) to base 14.
6a
Convert 2c2 (base 13) to base 16.
1f0
Convert -22320 (base 4) to base 11.
-583
-1222111220 (base 3) to base 5
-2222022
Convert 21030103 (base 4) to base 3.
1220122111
-211 (base 16) to base 10
-529
What is 27a3 (base 14) in base 2?
1101101011011
Convert 10111 (base 6) to base 11.
1008
21010021 (base 3) to base 10
5191
Convert -694 (base 10) to base 6.
-3114
Convert c263 (base 15) to base 12.
1b903
What is 80ba (base 14) in base 11?
15686
What is 7365 (base 9) in base 8?
12435
-2776 (base 14) to base 7
-26206
Convert -102203 (base 4) to base 12.
-82b
Convert 436 (base 13) to base 10.
721
Convert 503 (base 11) to base 2.
1001100000
What is -1311030 (base 4) in base 5?
-220000
27117 (base 8) to base 7
46364
1226 (base 11) to base 15
71b
Convert 23133 (base 7) to base 6.
43200
Convert -783 (base 9) to base 16.
-282
What is 11231 (base 11) in base 5?
1004443
-7149 (base 10) to base 14
-2869
15008 (base 10) to base 7
61520
-325 (base 6) to base 5
-1000
626 (base 12) to base 6
4050
What is 29d (base 14) in base 12?
383
-1640 (base 12) to base 13
-1281
-4618 (base 9) to base 3
-11200122
Convert -10302013 (base 4) to base 7.
-111055
What is -113550 (base 6) in base 2?
-10011011001010
-222020210 (base 3) to base 11
-13418
380 (base 11) to base 4
13003
What is 21122330 (base 4) in base 6?
454352
-758 (base 10) to base 11
-62a
-10111010010 (base 2) to base 15
-695
5250 (base 7) to base 8
3470
What is 18905 (base 12) in base 10?
35861
What is 113415 (base 6) in base 9?
14482
Convert -2516 (base 7) to base 6.
-4212
-805 (base 10) to base 9
-1084
What is -436 (base 10) in base 2?
-110110100
-11ca9 (base 13) to base 12
-17079
-111000111 (base 2) to base 15
-205
-5a (base 13) to base 14
-55
-17a (base 12) to base 15
-10d
What is 1010001101100 (base 2) in base 6?
40112
What is 11100101000 (base 2) in base 11?
1416
-19e9 (base 16) to base 5
-203013
What is 4510 (base 6) in base 9?
1386
-100101101110111 (base 2) to base 10
-19319
What is -3032331 (base 4) in base 9?
-20146
Convert 2301002 (base 4) to base 6.
124242
Convert 110111000 (base 2) to base 4.
12320
Convert -1331032 (base 4) to base 10.
-8014
What is -24230 (base 5) in base 7?
-5202
71 (base 15) to base 13
82
16d (base 15) to base 16
148
Convert 505 (base 10) to base 3.
200201
Convert -16052 (base 7) to base 15.
-14eb
Convert -101011010 (base 2) to base 12.
-24a
-1110111010 (base 2) to base 11
-798
-a (base 13) to base 8
-12
What is -16704 (base 12) in base 10?
-32116
What is 23443 (base 5) in base 13?
a46
-114132 (base 5) to base 16
-10c4
Convert 110100011110001 (base 2) to base 14.
9b0d
What is 35323 (base 6) in base 13?
2418
What is -b93 (base 12) in base 8?
-3237
What is -282c (base 13) in base 4?
-1122120
What is 2113 (base 6) in base 7?
1251
What is -30063 (base 7) in base 3?
-100221110
What is 19ab5 (base 12) in base 11?
264a3
Convert 452b (base 14) to base 11.
9015
-858 (base 10) to base 16
-35a
Convert 1453 (base 6) to base 12.
289
187 (base 11) to base 12
160
Convert 1414 (base 6) to base 4.
11302
8273 (base 10) to base 12
4955
Convert 10463 (base 8) to base 9.
6032
What is 518 (base 14) in base 11?
831
What is 1013112 (base 4) in base 3?
20021010
Convert 1301223 (base 4) to base 7.
30132
Convert b50 (base 15) to base 5.
40200
Convert 2c53 (base 14) to base 13.
37a9
Convert 27803 (base 12) to base 4.
31113003
-2b427 (base 12) to base 15
-13177
-573 (base 15) to base 10
-1233
17717 (base 9) to base 3
121210121
Convert -21565 (base 11) to base 3.
-1120220212
What is 2473 (base 13) in base 15?
17e4
Convert -1120002 (base 3) to base 14.
-5b2
10113 (base 9) to base 10
6654
Convert 15801 (base 10) to base 6.
201053
Convert -11110121 (base 3) to base 15.
-e71
741 (base 12) to base 8
2041
What is 78 (base 11) in base 15?
5a
-3635 (base 10) to base 4
-320303
-1d12 (base 16) to base 11
-5656
12301 (base 7) to base 9
4384
254055 (base 6) to base 3
1011110022
What is -3fb (base 16) in base 7?
-2654
What is -1346 (base 12) in base 13?
-1014
Convert 47899 (base 10) to base 13.
18a57
-40 (base 5) to base 6
-32
Convert 176 (base 16) to base 13.
22a
What is 15105 (base 9) in base 5?
312132
-3554 (base 9) to base 15
-bb1
Convert -5401 (base 9) to base 15.
-129a
-2190 (base 10) to base 2
-100010001110
What is 10103 (base 4) in base 10?
275
-101110101 (base 2) to base 3
-111211
Convert 10010010 (base 2) to base 8.
222
16a3 (base 16) to base 13
283a
What is 153500 (base 6) in base 3?
202200200
What is b5 (base 14) in base 7?
315
What is 1c07 (base 15) in base 12?
362a
Convert -4abf (base 16) to base 10.
-19135
Convert 78c (base 13) to base 10.
1299
What is 1388 (base 11) in base 5?
24130
What is 294 (base 14) in base 8?
1012
What is -8a (base 16) in base 9?
-163
Convert -2a7 (base 14) to base 10.
-539
Convert -220445 (base 6) to base 10.
-18317
Convert 10102 (base 3) to base 8.
134
What is 261 (base 16) in base 6?
2453
Convert -300